 of l and 182?
26
Suppose 0 = 5*a - 9*z + 6*z - 232, -4*z - 26 = -a. Calculate the highest common divisor of a and 2410.
10
Suppose -269*x - 53352 = -278*x. Calculate the greatest common factor of 36 and x.
12
Suppose -6 = -5*z - 1. Let o = -140 + 139. Let q(b) = 4*b**2 - 7*b - 8. Let t be q(o). Calculate the greatest common factor of t and z.
1
Let x = 534 + -535. Let f(d) = 13*d**2 + 7*d + 6. Let k be f(x). What is the highest common factor of k and 32?
4
Suppose -3*c = -4*a - 91, 0 = 2*a + 3*a + 20. Suppose 1208 = 7*x + c. Calculate the greatest common divisor of 117 and x.
13
Let o(t) = 2*t**2 + t - 15. Let l be o(6). Suppose -60*c = -67*c + l. Calculate the highest common factor of 36 and c.
9
Let j = 2141 - 2081. What is the greatest common factor of 66 and j?
6
Let r(t) = 38*t - 76. Let n be r(2). Suppose n*g + 398 = 3*g - 5*j, 3*j = -4*g + 492. Calculate the greatest common divisor of 72 and g.
18
Let b(a) = a**3 + 27*a**2 - 29*a - 20. Let t be b(-28). Suppose 4*c - p = 186, -3*c - t*p = -3*p - 128. What is the highest common factor of c and 230?
46
Suppose 0 = -4*n - 5*n - 4212. Let k = n + 488. What is the greatest common divisor of 800 and k?
20
Let z be (16947/15)/((-69)/(-575)). Calculate the highest common factor of 70 and z.
35
Suppose 0 = -13*d + 173 + 22. Suppose -7 + d = f. Suppose -87 = -f*o + 97. Calculate the greatest common factor of 23 and o.
23
Let q = -521 + 277. Let y = 282 + q. What is the greatest common factor of y and 266?
38
Let r = -12361 + 12369. Let o(t) = -5*t**2. Let n be o(-1). Let h(s) = s**3 + 4*s**2 - 5*s + 4. Let a be h(n). Calculate the greatest common factor of a and r.
4
Let w = -16306 - -16361. What is the greatest common divisor of 220 and w?
55
Let b(t) = 18*t**2 + 307*t + 79. Let f be b(-18). What is the greatest common factor of f and 105?
35
Suppose -w - 342 = -4*u, -3*u = -0*w - 3*w - 243. Calculate the greatest common factor of 1160 and u.
29
Let y(u) = 716*u**2 + 76*u - 45. Let v be y(-5). Calculate the highest common factor of v and 75.
75
Let s = -155 + 231. Suppose 2 = 8*q - 6*q. Let l = 18 + q. What is the greatest common factor of l and s?
19
Let c be -42*1/(-4)*(-5280)/77. Let y = -459 - c. Calculate the greatest common divisor of 9 and y.
9
Suppose 1542 = 5*x - 3*t - 1467, -4*t + 1188 = 2*x. What is the greatest common divisor of x and 1840?
40
Suppose 5*j - 6 = 14, 2*h - 58 = -4*j. Suppose -t = -7*t - 1242. Let u = t + 291. Calculate the highest common divisor of h and u.
21
Let u be (-9)/(90/25)*446/(-5). Let y = u + -173. What is the highest common factor of y and 120?
10
Let f be ((-16)/18)/((-608)/8208). Calculate the greatest common divisor of f and 117.
3
Let g(j) = -5*j**3 + 8*j - 6. Let h be g(-3). Let i be (10 + -17)/((-1)/3). Calculate the greatest common factor of i and h.
21
Let f = -432 - -462. Let i(g) = -3*g**3 - 5*g + 4. Let d be i(-3). What is the greatest common factor of f and d?
10
Let m = 8145 + -8093. Calculate the highest common factor of 212 and m.
4
Suppose p = -8*k + 10*k - 17, -3*p = -15. Let n = 166 + 186. What is the greatest common divisor of k and n?
11
Suppose 0 = 5*w - 15, 6*y + 2*w = 4*y + 28. Suppose 8*b - y = 37. Suppose 3*s = 3 + b. What is the highest common factor of 6 and s?
3
Let s = -22 - -3. Let f be ((-2)/6)/(2 + s/9). Let n(z) = z**3 - 4*z**2 + 2*z + 5. Let o be n(f). Calculate the highest common factor of o and 8.
2
Let n = 145 + -49. Let o = 359 - 199. What is the greatest common divisor of n and o?
32
Let j(l) = 25*l**2 - 6*l - 31. Let p be j(-2). What is the highest common factor of p and 135?
27
Let z be 130820/5270 + 6/34. What is the greatest common divisor of 3925 and z?
25
Let u = -534 - -540. Let d be ((-2)/u - 1)/(23/(-7038)). What is the highest common divisor of d and 96?
24
Suppose 4*a - 4 = 2*a. Suppose -4*i - 2*y + 24 = 0, 158*y = 3*i + 162*y - 33. Calculate the greatest common divisor of a and i.
1
Let h = -8809 + 9593. What is the greatest common factor of h and 686?
98
Let a = -15003 - -18083. What is the greatest common factor of 420 and a?
140
Let y = 30 + -24. Suppose 27*c - 336 = y*c. Let z = -36 - -60. What is the greatest common divisor of z and c?
8
Let s = 53 + -54. Let h(t) = -581*t + 17. Let r be h(s). Calculate the highest common factor of 26 and r.
26
Let n be (-105)/(-10)*(3 - 1). Let l be (3 + (-8)/3)*(465 - 24). Calculate the greatest common factor of n and l.
21
Let x be (1/2)/(2/252). Suppose 16 - 260 = 3*j + f, 5*f = 5*j + 380. Let s = j + 101. What is the highest common divisor of s and x?
21
Let f = 515 - 506. Suppose 0 = -f*y + 50*y - 12915. What is the highest common divisor of y and 15?
15
Let c(n) = -n**3 + 27*n**2 - 70*n - 15. Let t be c(24). Suppose 2*x = -t + 149. Calculate the greatest common divisor of x and 29.
29
Suppose -2*z = 5*y - 5, -z = -2*y + z + 2. Let j(b) = b**2 - 6 - 10*b + 10 + 9. Let m be j(9). Calculate the greatest common divisor of y and m.
1
Let r = 37 - 33. Suppose -4*h + 2*u + 32 = 0, -4*h - 5*u + 20 = 16. Calculate the highest common divisor of r and h.
2
Let f = 7973 - 7661. What is the greatest common divisor of f and 18?
6
Let d = -48774 - -49070. Suppose w + 2 = 2*w. Suppose -w*u + 65 = 2*c + u, -4*c + 160 = -4*u. What is the highest common factor of c and d?
37
Let o be (12/(-28))/((-3)/21). Suppose -12 = t + o*t, f + 2*t - 9 = 0. Calculate the highest common divisor of 105 and f.
15
Let v = -36 - -42. Suppose -v - 14 = 4*j. Let a be 507/5 - 3/j. What is the greatest common divisor of 34 and a?
34
Let b(q) = 4*q**2 - 102*q - 1036. Let j be b(-14). Calculate the highest common divisor of j and 120.
24
Let w(n) = -146*n - 142. Let r be w(-8). What is the highest common divisor of r and 114?
114
Let y(p) = -6*p**3 + 11*p**2 + 62*p + 3. Let w be y(-4). Calculate the greatest common divisor of 280 and w.
35
Suppose -3*i - 4*y = -257 - 623, -4*i - 4*y + 1180 = 0. Calculate the greatest common factor of 48 and i.
12
Suppose -2552 = 4*x - 2936. Calculate the greatest common factor of 312 and x.
24
Let b(j) = 3*j + 53. Let w be b(-15). Let o be 3*(8/12 + (-100)/(-2)). What is the highest common divisor of o and w?
8
Suppose -70276 = -2461*p + 44320 - 19927 + 23459. Let d be 0 - -312 - (2 - 2). What is the highest common factor of p and d?
24
Suppose 8274*q = 8437*q - 1630. Suppose 8*w - 4*a = 5*w + 364, -4*a - 604 = -5*w. What is the highest common factor of q and w?
10
Suppose -5 + 13 = a + 4*k, 4*k + 4 = 0. Suppose 38*m = 20*m + 467 + 3637. What is the highest common factor of a and m?
12
Let k = -105 + 104. Let g(f) = -14*f**3 + 3*f**2 - 4*f - 6. Let l be g(k). What is the highest common factor of 135 and l?
15
Let f be 42/3 + -1*2. Suppose -o - t + 594 = -0*t, 4*t - 1198 = -2*o. Let v = 637 - o. What is the greatest common factor of f and v?
12
Let j = -5 + -10. Let r = 27 + j. Let o = -24 - -30. What is the greatest common factor of r and o?
6
Let u be 1 - ((-20)/(-4) + -5) - -2120. What is the greatest common divisor of 14 and u?
7
Let m be 445/4 - (41/410)/((-2)/(-25)). Calculate the highest common factor of 16610 and m.
110
Suppose 3*s - w - 11902 = 0, s - 3409 - 551 = 4*w. What is the highest common factor of 8 and s?
8
Suppose 68*z - 9*z - 8543 = 25323. What is the highest common factor of 1066 and z?
82
Suppose 5*a + 5*t = 106910, 3*a + 4*t + 6988 - 71138 = 0. What is the highest common factor of 42 and a?
42
Let y = -12903 - -17232. Calculate the highest common factor of y and 156.
39
Suppose 3*o + 4 = -b, 0*b + 4*o = 2*b - 12. Suppose b*u + 13*u = 1485. What is the greatest common divisor of 11 and u?
11
Let b be ((-5)/(-19 - -4))/((-4)/12). Let h be (-765)/(-30) - b/2. What is the greatest common divisor of 39 and h?
13
Suppose 4*p = -b + 26, 0*b + 4 = -2*b. Let n = -4 + p. Suppose n*o = -f, 4 = 5*f - 3*f + 5*o. Calculate the greatest common factor of 156 and f.
12
Let a be (342/(-4))/(72/(-3120)). What is the greatest common factor of a and 3?
3
Suppose 3*u + v - 6 = 51, 4*v - 68 = -4*u. Suppose -15*t + u + 85 = 0. What is the greatest common divisor of t and 49?
7
Suppose -61 = -0*x - x. Suppose -14*n - 13*n + 8*n + 12749 = 0. Calculate the greatest common factor of x and n.
61
Let u(x) = x**3 + 5*x**2 - 3*x + 2. Let t = 50 + -42. Let d = t - 12. Let g be